3802018973?
2
What is the millions digit of 98062002?
8
What is the billions digit of 1847816349?
1
What is the hundreds digit of 213516462?
4
What is the millions digit of 997873093?
7
What is the ten thousands digit of 55806321?
0
What is the ten millions digit of 58558678?
5
What is the hundreds digit of 4124440418?
4
What is the ten millions digit of 33396103?
3
What is the hundred millions digit of 334504807?
3
What is the units digit of 790239407?
7
What is the tens digit of 111108485?
8
What is the ten millions digit of 209341536?
0
What is the tens digit of 104735183?
8
What is the hundred thousands digit of 6268497?
2
What is the ten millions digit of 1098789931?
9
What is the ten thousands digit of 158362840?
6
What is the thousands digit of 538261058?
1
What is the millions digit of 813336346?
3
What is the hundred millions digit of 275572536?
2
What is the hundreds digit of 39926231?
2
What is the units digit of 11566598?
8
What is the millions digit of 2200859833?
0
What is the thousands digit of 68975832?
5
What is the tens digit of 84609129?
2
What is the millions digit of 830716599?
0
What is the tens digit of 38353526?
2
What is the thousands digit of 112307302?
7
What is the units digit of 5168523707?
7
What is the millions digit of 163973727?
3
What is the hundreds digit of 57264796?
7
What is the ten thousands digit of 39104504?
0
What is the ten millions digit of 694826947?
9
What is the tens digit of 275146157?
5
What is the ten millions digit of 510357327?
1
What is the tens digit of 59045287?
8
What is the millions digit of 31282197?
1
What is the ten thousands digit of 139925329?
2
What is the thousands digit of 34523099?
3
What is the thousands digit of 115213525?
3
What is the ten millions digit of 1934799645?
3
What is the tens digit of 30715205?
0
What is the hundred millions digit of 110767106?
1
What is the ten thousands digit of 3110204142?
0
What is the ten millions digit of 88193774?
8
What is the tens digit of 4088305?
0
What is the thousands digit of 196536403?
6
What is the thousands digit of 280499570?
9
What is the tens digit of 132439449?
4
What is the units digit of 16843131?
1
What is the hundreds digit of 40255479?
4
What is the hundred thousands digit of 68307316?
3
What is the units digit of 1044449067?
7
What is the units digit of 470643167?
7
What is the units digit of 2904608439?
9
What is the ten millions digit of 3804326130?
0
What is the hundred millions digit of 359055314?
3
What is the units digit of 5066129105?
5
What is the units digit of 127660876?
6
What is the ten millions digit of 582957294?
8
What is the hundreds digit of 731938836?
8
What is the units digit of 88901648?
8
What is the units digit of 286747165?
5
What is the millions digit of 47459630?
7
What is the ten thousands digit of 56624569?
2
What is the ten millions digit of 36934634?
3
What is the millions digit of 38506225?
8
What is the hundred thousands digit of 777202678?
2
What is the thousands digit of 212156446?
6
What is the hundreds digit of 1010886577?
5
What is the hundreds digit of 244368321?
3
What is the tens digit of 14348819?
1
What is the billions digit of 3051719570?
3
What is the ten millions digit of 9137818025?
3
What is the ten millions digit of 1034832478?
3
What is the thousands digit of 36017391?
7
What is the thousands digit of 82907888?
7
What is the tens digit of 252385492?
9
What is the billions digit of 9882255883?
9
What is the ten millions digit of 2073483123?
7
What is the hundreds digit of 780534805?
8
What is the hundreds digit of 27369179?
1
What is the hundred thousands digit of 6780042450?
0
What is the millions digit of 89294269?
9
What is the millions digit of 479830702?
9
What is the hundred thousands digit of 40171324?
1
What is the ten millions digit of 736929818?
3
What is the hundred millions digit of 2777106581?
7
What is the tens digit of 156376574?
7
What is the ten thousands digit of 6183808574?
0
What is the hundred thousands digit of 1583141840?
1
What is the millions digit of 3633895352?
3
What is the hundreds digit of 8770441?
4
What is the millions digit of 1285791883?
5
What is the hundred millions digit of 881832808?
8
What is the hundreds digit of 1760865455?
4
What is the ten millions digit of 24092566?
2
What is the ten millions digit of 107019873?
0
What is the units digit of 64105591?
1
What is the hundred thousands digit of 185343099?
3
What is the hundred millions digit of 307843845?
3
What is the ten thousands digit of 1054201795?
0
What is the ten millions digit of 509249421?
0
What is the hundreds digit of 17316930?
9
What is the hundred thousands digit of 1637142493?
1
What is the thousands digit of 87306562?
6
What is the hundreds digit of 10109014?
0
What is the hundred thousands digit of 54539745?
5
What is the thousands digit of 77303044?
3
What is the ten thousands digit of 560667949?
6
What is the units digit of 19668978?
8
What is the hundred thousands digit of 5150663542?
6
What is the millions digit of 98650677?
8
What is the ten millions digit of 746437449?
4
What is the hundred thousands digit of 13143740?
1
What is the millions digit of 439723328?
9
What is the tens digit of 4736161815?
1
What is the thousands digit of 44306149?
6
What is the ten millions digit of 264942008?
6
What is the thousands digit of 76871390?
1
What is the ten thousands digit of 19877808?
7
What is the thousands digit of 5678526301?
6
What is the ten thousands digit of 718823395?
2
What is the units digit of 1386693278?
8
What is the tens digit of 2094842469?
6
What is the hundreds digit of 4337169?
1
What is the ten thousands digit of 73951279?
5
What is the millions digit of 63795899?
3
What is the ten thousands digit of 146273309?
7
What is the millions digit of 1714068386?
4
What is the hundred millions digit of 4227691419?
2
What is the tens digit of 17711602?
0
What is the hundreds digit of 77081041?
0
What is the ten thousands digit of 285815971?
1
What is the hundred millions digit of 328471943?
3
What is the units digit of 1065830321?
1
What is the hundred millions digit of 663484000?
6
What is the units digit of 2192888429?
9
What is the ten thousands digit of 18550186?
5
What is the millions digit of 594551427?
4
What is the tens digit of 867641508?
0
What is the hundred millions digit of 1283280355?
2
What is the tens digit of 2458802389?
8
What is the ten thousands digit of 36220272?
2
What is the hundreds digit of 90948616?
6
What is the hundred thousands digit of 104569922?
5
What is the thousands digit of 668779554?
9
What is the hundred millions digit of 1131972687?
1
What is the ten thousands digit of 187337425?
3
What is the hundreds digit of 44864427?
4
What is the ten millions digit of 114129168?
1
What is the thousands digit of 228830039?
0
What is the tens digit of 455743956?
5
What is the millions digit of 218176324?
8
What is the ten thousands digit of 2553134316?
3
What is the hundred thousands digit of 43671078?
6
What is the ten millions digit of 142461775?
4
What is the hundred thousands digit of 486122216?
1
What is the hundreds digit of 476252179?
1
What is the hundred thousands digit of 432826552?
8
What is the millions digit of 255963296?
5
What is the hundreds digit of 892738?
7
What is the hundreds digit of 782569589?
5
What is the ten millions digit of 3164977439?
6
What is the thousands digit of 141399161?
9
What is the units digit of 208590207?
7
What is the tens digit of 43632295?
9
What is the thousands digit of 2927556477?
6
What is the units digit of 1223558561?
1
What is the tens digit of 2815350162?
6
What is the hundreds digit of 502871243?
2
What is the ten thousands digit of 1928326408?
2
What is the hundred millions digit of 2514988605?
5
What is the hundred thousands digit of 1225299692?
2
What is the millions digit of 1731653708?
1
What is the ten millions digit of 289087350?
8
What is the ten millions digit of 628956642?
2
What is the ten thousands digit of 1275875134?
7
What is the units digit of 143364522?
2
What is the units digit of 418891877?
7
What is the ten millions digit of 5528237920?
2
What is the tens digit of 102371316?
1
What is the thousands digit of 264622159?
2
What is the millions digit of 70319304?
0